 + 15 = -0*c. Suppose c*k = 10*k - 8. Suppose -303 = -k*q - q. What are the prime factors of q?
101
Suppose -l = 5*k + 20, -4 = -l + k - 0. Suppose l = 2*r - 5*h - 310, -r = 4*r - 5*h - 790. What are the prime factors of r?
2, 5
Let y = -4158 - -14225. List the prime factors of y.
10067
Let m = 55 + -35. Suppose 5*u + m - 30 = 0. Suppose 3*l + 5*t = -u*l + 50, 0 = -2*l + 3*t + 20. What are the prime factors of l?
2, 5
Let m = -118 - -122. Suppose -193 = m*c - 901. Suppose s - c = -2*s. List the prime factors of s.
59
Suppose 154984 = -122*n + 912199 + 522809. List the prime factors of n.
2, 43, 61
Let h = -15134 + 15284. List the prime factors of h.
2, 3, 5
Let n = -113 - -117. Suppose 5*l + p + 795 = 3*p, n*l = 2*p - 634. Let a = l + 284. List the prime factors of a.
3, 41
Let q(f) = -50*f + 36. Let x be q(-11). Suppose 4*u - 322 - x = 0. Let i = u - 115. List the prime factors of i.
2, 7
Let h = 49720 + -31639. What are the prime factors of h?
3, 7, 41
What are the prime factors of ((-1)/4)/((-26)/98904)?
3, 317
Let a be 196/36 - (-52)/(-117). Suppose -4*d + 497 = 5*w - 927, 2*d = -a*w + 1422. List the prime factors of w.
2, 71
Let m = -5608 - -12896. What are the prime factors of m?
2, 911
Let c = -33594 - -74160. List the prime factors of c.
2, 3, 6761
What are the prime factors of 552356/40 + (-3)/6 + (-58)/145?
2, 863
Let j = -12940 + 14874. What are the prime factors of j?
2, 967
Let t(l) = l**3 - 10*l**2 - 39*l + 114. Let k be t(18). Suppose -4*z = 3*j - 2672, -40*z = -37*z - j - k. List the prime factors of z.
2, 167
Suppose 112*x - 3147384 - 1997560 = 0. List the prime factors of x.
71, 647
Suppose 0 = -2*d - 335 - 215. Let f = 125 + d. Let h = 235 + f. What are the prime factors of h?
5, 17
Suppose 0 = 6*d - 5*p + p - 148646, 5*p = -10. What are the prime factors of d?
7, 3539
Suppose 209836 = -20*l + 757037 + 386919. What are the prime factors of l?
2, 11, 193
Let w(g) = -52*g - 73. Let v be w(-12). Let r = v + -345. What are the prime factors of r?
2, 103
Suppose 5*u = -5, -3*n + 27 = 2*n + 3*u. What are the prime factors of 496 + 0/(-10 + n)?
2, 31
What are the prime factors of (41 - -9008) + (0 - 3)*35/(-21)?
2, 3, 503
Suppose 30*s - 1343 + 7223 = 0. Let h = 260 - s. What are the prime factors of h?
2, 3, 19
Let a = -4 - -14. Let w be a/25 + 3224/(-10). What are the prime factors of w/(-10) - (-1)/(-5)?
2
What are the prime factors of (-96)/(((-819)/(-22490))/(-21))?
2, 5, 173
Suppose 8*b + w - 65015 = 5*b, 5*w = -35. List the prime factors of b.
2, 10837
Let s(z) = 7*z + 6. Let b be s(12). Let m = b - -400. What are the prime factors of m?
2, 5, 7
Let t = -17 - -9. Let h be (-8)/20*-3 - t/10. Suppose -4*d = h*y - 386, 0*d + 3*d + y - 289 = 0. What are the prime factors of d?
2, 3
Let t(m) = m**3 + 4*m**2 + 3*m. Let f be t(-2). Suppose 0 = -3*j - 9, -f*y = 2*j - 65 - 31. List the prime factors of y.
3, 17
Suppose -74 = z - 56. What are the prime factors of 5 - (-3)/(z/(-4836))?
811
List the prime factors of 9/3 + (-8 + 16 - 2) + 17340.
3, 5783
Suppose 2*i + 7231 = 5*g, -4*g = 2*i - 0*i - 5774. Suppose 5*n + 4*l - 3*l = g, n = -4*l + 270. List the prime factors of n.
2, 5, 29
Suppose 414*c - 7462317 - 2586911 = -1283192. List the prime factors of c.
2, 3, 3529
Let p = 24 + -22. Suppose 999 = 3*g - 4*o, -2*o - 3*o = -p*g + 659. List the prime factors of g.
337
Suppose -57616 = -t - y, 5*t - y - 188904 = 99212. List the prime factors of t.
2, 47, 613
What are the prime factors of -9 + 11/(-22)*-9522?
2, 3, 11
Let c(g) = -6 + 46*g - 4 - 2. Let d be c(-3). List the prime factors of (8/(-10))/(-1 + (-149)/d).
2, 3, 5
Let f = 18754 - -17434. List the prime factors of f.
2, 83, 109
Suppose 8*i = -8*i + 7*i. Suppose 3*r + 5*m - 389 = i, -4*r + 9*r = -4*m + 631. What are the prime factors of r?
3, 41
Suppose -1423534 = -26*p + 412352. List the prime factors of p.
3, 23537
Let a = 50 - 34. Suppose 1 = -3*i - y + 8, 2*i - 5*y = a. What are the prime factors of -4 + (i - (-32 + 0))?
31
Let n = 1056 - 2031. Let i = n + 1771. What are the prime factors of i?
2, 199
Suppose 14 = -2*z, -29*u + 27*u - 5*z = -59411. List the prime factors of u.
29723
Let u be 3 - 151*(-3 - -2). Suppose -11*j + u = -4*j. Suppose j*z + 207 = 25*z. What are the prime factors of z?
3, 23
Let k be 4*-4*(-20)/64. Suppose 0 = -2*t - 3*y + 120, 2*t - 3*t = -k*y - 34. Suppose -5*s = -2*s - t. What are the prime factors of s?
2, 3
Let s be (-273996)/(-135) - (-2)/5. Suppose 0 = 3*z - 2*m - s, 0 = 2*m - 9 - 1. What are the prime factors of z?
2, 5, 17
Let m = 4 + -48. Let p(s) = -5*s**3 + 4*s**2 - s - 2. Let z be p(3). Let g = m - z. What are the prime factors of g?
2, 3, 5
Let c(y) = 13 - y + 0*y + 14 - y. Let o(b) = -2. Let t(v) = c(v) - 2*o(v). What are the prime factors of t(-15)?
61
Let p(h) = 3*h**3 + 25*h**2 - 64*h + 193. List the prime factors of p(15).
14983
Suppose 31*f - 4759 + 1101 = 0. What are the prime factors of f?
2, 59
Suppose 3*w = -2*u + 4995, -u - 3*w + 3466 = 955. What are the prime factors of u?
2, 3, 23
Suppose 119 = -11*m - 6*m. Let k(v) = v**2 - 4*v - 2. What are the prime factors of k(m)?
3, 5
Let i(j) = 7738*j**3 - 2*j**2 - 8*j + 8. List the prime factors of i(1).
2, 967
Suppose -8*y + 96620 = 20788. What are the prime factors of y?
9479
Let n be (-2)/(-15) + 924/(-180). List the prime factors of 4*(-1)/n - 36972/(-60).
617
Suppose -7*b = -2*b - 785. Suppose -10*p + 146 = 1056. Let k = b + p. What are the prime factors of k?
2, 3, 11
Let o be -1 - 0 - 3/(-3). Suppose -2*c + 142 = -x, 5*c - 3*x = -o*c + 353. Let u = c + 27. What are the prime factors of u?
2, 5
Let h be 4/26 + (-63)/(-13). Suppose -k = -h*v - 254, -2*v + 31 = -3*k + 143. List the prime factors of v/(-2)*(1 - (4 + -6)).
3, 5
Let r(d) = -2*d + 17. Let s(w) = -w**3 - w - w**2 + 19*w**2 - 17*w + 7. Let c be s(17). List the prime factors of r(c).
37
Suppose 17*r + 2*o = 12*r + 1957, 2*o + 8 = 0. Let y = r + 721. List the prime factors of y.
2, 557
Let q(o) be the third derivative of o**5/20 - o**4/3 - 7*o**3/6 - o**2. Suppose -3*t + 33 = 3*u, 5*u + 16 = 4*t + 35. What are the prime factors of q(u)?
2, 3, 7
Let x(o) = 12*o**2 - 38*o + 13*o**2 + 6 + 25 + 49*o. What are the prime factors of x(-3)?
223
Let s = 258 - 84. Let i = s + 92. What are the prime factors of i?
2, 7, 19
Let o(h) be the first derivative of 4*h**3/3 - 5*h**2 - 23*h + 48. List the prime factors of o(-9).
17, 23
Suppose -11*i + 66 = -0*i. Suppose 4*x - x = i. Suppose 8*h - x = 7*h. List the prime factors of h.
2
Let i(n) = 27*n - 389. Let w be i(30). Let v = 1888 - w. What are the prime factors of v?
3, 163
Suppose u = 5*q, 4*q - 29 + 0 = -5*u. Suppose u*f - 2*f + 151 = s, 212 = -4*f + 4*s. What are the prime factors of ((-1)/((-3)/6))/(-2) - f?
2, 3
Let y(q) be the second derivative of -q**4/12 - 4*q**3/3 + 3*q**2/2 - q. Let o be y(-6). List the prime factors of 329/5 + 3/o.
2, 3, 11
Let r(p) = -3*p**3 + 2*p**2 - 5*p. Let b be r(2). Let d = b + 29. Suppose 236 = 5*t - d*t. List the prime factors of t.
2, 59
Let z(p) = -13*p - 14*p + 32*p + 4. Let y be z(9). Let h = y + -26. What are the prime factors of h?
23
Suppose i = 5*i. Let m be (9/18)/((-2)/(-12)). Suppose -m*o + 5*o - 32 = i. List the prime factors of o.
2
Let a(p) = -p**3 + p**2 + 2*p + 2. Let g be a(0). Suppose 384 = 4*k + 2*w + g*w, -2*w = 0. Suppose 5*h - k = h. List the prime factors of h.
2, 3
Suppose -3*q + 5589 = -0*r - 4*r, 2*r = 3*q - 2793. Let c be r/(-30) - ((-6)/15 - 0). Suppose c = -6*j + 125. List the prime factors of j.
13
Let c = -16086 + 30745. List the prime factors of c.
107, 137
Let y = 52 + -37. Let x = y + -15. Suppose -4*w - 2*j = -156, 0 = w - x*j + 5*j - 30. What are the prime factors of w?
2, 5
Suppose 0 = -2*x - 6, 2*n + 1794 = -x - 131. What are the prime factors of (n/93)/((-1)/93)?
31
Suppose -16*l = -31*l - 60. Let k(v) = 4*v**2 - 3*v**3 + v**3 + v + 6 + 3*v**3. List the prime factors of k(l).
2
Suppose 131218 - 304126 = -153*n + 286092. List the prime factors of n.
2, 3, 5
Suppose -2*w - 4064 + 19944 = 2*d, 2*w = 5*d + 15901. What are the prime factors of w?
13, 47
Let x(d) = -13*d - 30. Let o be x(-4). List the prime factors of 85680/1155 - 4/o.
2, 37
Let p be 78/(-2)*(-130)/(-2 - -3). Suppose 6*t = -9*t + p. List the prime